{"id":129,"date":"2016-12-16T17:22:04","date_gmt":"2016-12-16T16:22:04","guid":{"rendered":"http:\/\/www.jensje.de\/?page_id=129"},"modified":"2017-04-19T13:06:19","modified_gmt":"2017-04-19T11:06:19","slug":"unsere-philosophie","status":"publish","type":"page","link":"https:\/\/www.christmann-wein.de\/index.php\/unsere-philosophie\/","title":{"rendered":"Unser Ziel"},"content":{"rendered":"<p>Gesundes Lesegut ist Voraussetzung f\u00fcr hervorragende Weine. Unser Ziel ist durch unsere Arbeit im Weinberg m\u00f6glichst gesunde, s\u00fc\u00dfe Trauben zu erhalten. Je besser die Traubenqualit\u00e4t bei der Lese ist, desto weniger Eingriffe sind sp\u00e4ter im Weinkeller n\u00f6tig.<\/p>\n<p>Durch<img loading=\"lazy\" decoding=\"async\" class=\"size-medium wp-image-334 alignleft\" src=\"http:\/\/www.christmann-wein.de\/wp-content\/uploads\/2017\/04\/P1020060_2-300x225.gif\" alt=\"\" width=\"300\" height=\"225\" srcset=\"https:\/\/www.christmann-wein.de\/wp-content\/uploads\/2017\/04\/P1020060_2-300x225.gif 300w, https:\/\/www.christmann-wein.de\/wp-content\/uploads\/2017\/04\/P1020060_2-768x576.gif 768w\" sizes=\"auto, (max-width: 300px) 100vw, 300px\" \/> die Anpassung unserer Ma\u00dfnahmen im Weinberg k\u00f6nnen wir Verdichtungen der B\u00f6den reduzieren. Mit entsprechender Begr\u00fcnung in den Zeilen tragen wir dabei zum Erosionsschutz bei. Gleichzeitig schaffen wir mit entsprechenden Saaten Pflanzenvielfalt.<\/p>\n<p>Neben dem naheliegenden Ziel unsere Wein-Qualit\u00e4t stetig zu verbessern, liegt es uns am Herzen auf unsere B\u00f6den zu achten um diese fruchtbar zu halten.<\/p>\n","protected":false},"excerpt":{"rendered":"<p>Gesundes Lesegut ist Voraussetzung f\u00fcr hervorragende Weine. Unser Ziel ist durch unsere Arbeit im Weinberg m\u00f6glichst gesunde, s\u00fc\u00dfe Trauben zu erhalten. Je besser die Traubenqualit\u00e4t bei der Lese ist, desto &hellip; <\/p>\n","protected":false},"author":1,"featured_media":0,"parent":0,"menu_order":0,"comment_status":"closed","ping_status":"closed","template":"","meta":{"footnotes":""},"class_list":["post-129","page","type-page","status-publish","hentry","latest_post"],"_links":{"self":[{"href":"https:\/\/www.christmann-wein.de\/index.php\/wp-json\/wp\/v2\/pages\/129","targetHints":{"allow":["GET"]}}],"collection":[{"href":"https:\/\/www.christmann-wein.de\/index.php\/wp-json\/wp\/v2\/pages"}],"about":[{"href":"https:\/\/www.christmann-wein.de\/index.php\/wp-json\/wp\/v2\/types\/page"}],"author":[{"embeddable":true,"href":"https:\/\/www.christmann-wein.de\/index.php\/wp-json\/wp\/v2\/users\/1"}],"replies":[{"embeddable":true,"href":"https:\/\/www.christmann-wein.de\/index.php\/wp-json\/wp\/v2\/comments?post=129"}],"version-history":[{"count":6,"href":"https:\/\/www.christmann-wein.de\/index.php\/wp-json\/wp\/v2\/pages\/129\/revisions"}],"predecessor-version":[{"id":335,"href":"https:\/\/www.christmann-wein.de\/index.php\/wp-json\/wp\/v2\/pages\/129\/revisions\/335"}],"wp:attachment":[{"href":"https:\/\/www.christmann-wein.de\/index.php\/wp-json\/wp\/v2\/media?parent=129"}],"curies":[{"name":"wp","href":"https:\/\/api.w.org\/{rel}","templated":true}]}}